19*m + 4957. What is the units digit of j(0)?
7
Let j(c) = 127*c - 5862. What is the ten thousands digit of j(129)?
1
What is the tens digit of (14 - -6536 - -8) + -4?
5
Let m(k) = k**2 + k - 19. Let x be m(-12). What is the units digit of (49 - x)/((-4)/6)?
6
Let b be (18/(-6))/3*(-1 + 1). Suppose -124 = 2*r + 3*x, b = -r - 7*x + 2*x - 55. Let a = r + 67. What is the units digit of a?
2
Let z(x) = x**3 + 5*x**2 + 7*x - 3. Let j be z(-7). Let w = j + 573. What is the tens digit of w?
2
What is the thousands digit of 270*(5746/(-39))/(-13)?
3
Let s(r) = 11*r - 5. Let p be s(6). Suppose 760 = 8*l + 3*u, 8*l - 9*l - 3*u = -116. Let v = l - p. What is the units digit of v?
1
Suppose 4122600 = 72*s + 18*s + 30*s. What is the ten thousands digit of s?
3
Let y(j) = -j**2 + 48*j - 73. Let c be -30*(-4)/(-10)*(-6)/4. What is the units digit of y(c)?
7
Let u(p) = p**3 - 11*p**2 - 5*p + 17. Suppose 24 = 5*l - 1. Suppose t + 2*y - 1 - 3 = 0, l*y - 4 = -2*t. What is the hundreds digit of u(t)?
1
Let k be 8 + -1 - (1 + 1). Suppose k*y + 2793 = 3*i, -3*y + 15 = 2*y. Suppose -a + 2*b + 235 = 0, -3*b - 40 = 4*a - i. What is the units digit of a?
7
Let w be (24/(-20))/(8/(-20)). Suppose -77*n + 450 = -82*n. Let u = w - n. What is the tens digit of u?
9
Suppose 5*b = -2*b + 10948 + 141071. What is the hundreds digit of b?
7
Suppose 4*t - 3*w - 100742 = 0, 3*t - w + 6*w - 75600 = 0. What is the thousands digit of t?
5
Suppose -19*g + 12*g + 38745 = 5*a, -a = 0. What is the hundreds digit of g?
5
Suppose -5*p - t + 188349 = 32783, 4*p = 2*t + 124478. What is the hundreds digit of p?
1
Let c(s) = -20*s**3 - 3*s**2 + 80*s + 794. What is the units digit of c(-8)?
2
Let m(p) = 47*p + 11*p + 2*p**2 - 33*p + 4 - 29. What is the tens digit of m(-21)?
3
Suppose -178652 = 134*p - 193*p. What is the tens digit of p?
2
Let d(c) = 561*c - 1092. What is the ten thousands digit of d(29)?
1
Let m = -306 - -309. What is the hundreds digit of (11 - 13) + (307 - (-6 + m))?
3
Let i(v) = -1 - v**2 - 4 - 697*v + 754*v. What is the tens digit of i(50)?
4
What is the thousands digit of -8*(5477/(-4) + -2)?
0
What is the units digit of (802/2005)/(2/10320)?
4
Suppose 9*o = 145109 + 231973. What is the thousands digit of o?
1
Let u = 9833 - 9298. What is the units digit of u?
5
Let p(u) = -3*u**3 - 7*u**2 - 3*u - 15. Let z be p(-5). Let a = 373 - z. What is the units digit of a?
3
Let q(t) = -4*t**2 + 24*t**3 - 1 - 9*t - 23*t**3 - 6. Let l(v) = v**2 - 6*v + 1. Let g be l(7). What is the hundreds digit of q(g)?
1
Suppose -9*i = -5*i + 72. Let m be ((-9)/27)/(2/i). Suppose 7*y - m*y - 652 = -2*a, 0 = -2*y + 3*a + 318. What is the hundreds digit of y?
1
Suppose a + 31 + 5 = 0. Suppose 0*l = -4*l - 84. Let b = l - a. What is the units digit of b?
5
Suppose 112 = q - m, -5*q - 7*m = -6*m - 572. Suppose 3*b - b = q. Suppose b = 4*d + 3*j - 181, 5*j = -5*d + 300. What is the units digit of d?
8
Let c be (210/25 + -6)/(4/10). Suppose 0 = -c*w + 7 - 43. What is the units digit of (-4 + w - -4)*17/(-2)?
1
Let b be (2 + -4)/(14/1309). Let u(r) = -r**3 - 9*r**2 - 5*r - 14. Let z be u(-6). Let v = z - b. What is the tens digit of v?
9
Suppose 25*h - 94*h + 948896 + 307939 = 0. What is the units digit of h?
5
Let z = -80 - -28. Let u = 57 - z. What is the hundreds digit of u?
1
Let q(k) = 6467*k**2 + 100*k + 101. What is the units digit of q(-1)?
8
Let u be (1 + 3)/(1 - 132/140). Let d = 27 - 12. Let j = u + d. What is the tens digit of j?
8
Let o = -42 + 34. Let c(i) = 5*i + 22. Let v be c(o). Let h = 66 + v. What is the units digit of h?
8
Let n(t) be the first derivative of t**4/4 - 10*t**3 + 27*t**2/2 + 88*t + 92. What is the units digit of n(29)?
0
Let p = -4590 - -7668. What is the hundreds digit of p?
0
Suppose -z = 2*u - 1 + 8, -2*z = -u - 6. Let m be z/(6/4)*(-12)/(-8). What is the units digit of m/(-2) + ((-3780)/8)/(-7)?
7
Let h be -5*(48/10)/1. Let q = -15 - h. What is the units digit of 99/(-22)*(-1 - q)?
5
Suppose 113836 = 6*b - 3*b - 7*j, -4*b + 2*j = -151840. What is the thousands digit of b?
7
Let n(s) = s**3 - 10*s**2 + 11*s - 1. Let a be n(9). Suppose -15*y + a*y - 894 = 0. What is the hundreds digit of y?
4
Let i = 89 - 151. Let j = i + 113. Let q = j + -41. What is the units digit of q?
0
Let i(f) = 21*f**2 + 4*f + 1013. What is the units digit of i(-36)?
5
Let o = 65927 - 23084. What is the thousands digit of o?
2
Suppose -3*o - 54435 = -17*z + 14*z, 4*z = 3*o + 72586. What is the ten thousands digit of z?
1
Let h(z) = z**3 + 18*z**2 - 18*z + 12. Let g be h(-19). Let o = 3 + g. What is the units digit of 3468/54 - o/(-18)?
4
Suppose 0 = -50*i + 56757 + 49643. What is the thousands digit of i?
2
Suppose -2606*l = -2834*l + 10143948. What is the tens digit of l?
9
Suppose -4*m + 20211 = -3*v, 4*v - 5693 = 4*m - 25909. What is the thousands digit of m?
5
Suppose 41 + 67 = 9*d. What is the hundreds digit of (-963)/6*(-8)/d?
1
Let q = 29730 + -17533. What is the ten thousands digit of q?
1
Let f be (-4 - 11/(-2))*14. Let s = 34 - f. What is the tens digit of ((-9)/(-3))/(-3) + s?
1
Let h(q) = -996*q + 560. What is the units digit of h(-20)?
0
Let m be ((-2016)/80)/((-1)/(-20)). Let v = m + 710. What is the units digit of v?
6
Suppose 0*t - 10*t = -520. Let u = 54 - t. What is the units digit of (-3 + (-19)/(-2))*4/u?
3
Suppose 0 = -4*u, 5 = 5*t + 6*u - u. What is the tens digit of (9 - (-4536)/32) + t/4?
5
Let x be ((270/(-20))/(-9))/(1/632). Let p = 287 + x. What is the hundreds digit of p?
2
Suppose 0 = -3*t - 9*y + 59784, -3*t + 59784 = -58*y + 63*y. What is the hundreds digit of t?
9
Let u(k) = 3*k**2 + 6*k + 2. Let z be u(-2). Suppose 0*q - z*q + 22 = 0. Suppose 0 = -24*s + 25*s - q. What is the units digit of s?
1
Let p(t) = -1335*t - 1560. What is the thousands digit of p(-9)?
0
Let d = -51739 - -90199. Suppose -31*m + d = -m. What is the thousands digit of m?
1
Let f = 10 + 0. Suppose -2*t - f = 14. Let g(r) = r**3 + 13*r**2 + 6*r + 13. What is the tens digit of g(t)?
8
Suppose 3*l - 543 = 4*t, 10*t + l - 533 = 14*t. What is the tens digit of 1598*((-2)/(-7))/(t/(-231))?
9
Let g(k) = k**2 + 3*k + 449. Let w(y) = -2*y**2 + 13*y - 15. Let x be w(5). What is the units digit of g(x)?
9
Let f(b) = 37*b**2 - b + 16. Let d(u) = -19*u**2 + u - 8. Let h(a) = -13*d(a) - 6*f(a). What is the units digit of h(6)?
6
Suppose 4*r - 4 = -3*j + 5, 13 = -2*r - 5*j. Suppose 5*l + 387 = 3*y, 0*l = -2*l - r. What is the tens digit of y?
2
Suppose -6*n - 6347 = -8*n - 3*s, -3*n + s = -9548. What is the thousands digit of n?
3
Let t(g) = -g + 11. Let x = 99 - 97. Let i be t(x). Let c = i + 84. What is the units digit of c?
3
Let s(q) = -9*q - 30. Let i(f) = -f**3 + 12*f**2 + 13*f - 24. Let y be i(13). What is the units digit of s(y)?
6
Let c = 2496 - -15318. What is the tens digit of c?
1
Let s(o) = -2178*o - 3326. What is the ten thousands digit of s(-31)?
6
Let f = 3945 + -2524. Suppose -17*u + f = -10*u. What is the tens digit of u?
0
Let f be 5/45 + (-305)/(-9). Suppose 0 = -3*x - 41 - f. What is the units digit of (-685)/2*(95/x - -3)?
4
Let w(o) be the first derivative of -2*o**3/3 + 79*o**2/2 - 74*o - 131. What is the tens digit of w(37)?
1
Suppose 3*q + 14 = g + q, -5*q = 5*g + 5. Let p(v) be the third derivative of 35*v**4/24 - 11*v**3/6 + 2*v**2 - 8*v. What is the hundreds digit of p(g)?
1
Let w be (3 - 3) + (210 - (-10)/(-5)). Let s(f) = -f**2 - 9*f - 4. Let i be s(-8). Suppose w = -2*a + i*a. What is the units digit of a?
4
Let v = 14745 + -10002. What is the units digit of v?
3
Suppose 4*i - 8811 - 41619 = 2*a, i + 4*a - 12630 = 0. What is the tens digit of i?
1
Let f(a) = 24*a - 2. Let d be f(-2). Let t(w) = 2*w**3 - 29*w**2 + 77*w + 2. Let r be t(11). What is the tens digit of (d/30)/(r/(-36))?
3
Suppose 4*r + 5*h - 58 = 0, 0 = -r + 4*r + h - 38. Let j be 34*(-3 - -4) + 3. Let w = j + r. What is the units digit of w?
9
Suppose -204 = 3*o - 6*o - 4*y, 3 = y. Suppose -o = -x + 594. What is the hundreds digit of x?
6
Suppose -2*b + 3*b = 0, 4*b - 32 = 4*t. Let a(x) = 2*x**2 - 9*x + 7 + 0*x + 16*x. What is the units digit of a(t)?
9
Suppose -12*p + 18*p = 6. Let a(j) = 42*j**2 + 2*j - 2. Let s be a(p). Suppose c - s = 38. What is the tens digit of c?
8
Suppose -89 = -16*v + 23. Let l =